(19 - -6))) + 3 + 0.
3
4 - 1 - ((4 - -12) + 5) - 1
-19
What is the value of (7 - 5) + -1 + -3?
-2
What is the value of (3 - 2) + 0 + 0 + (-4 - 2)?
-5
Calculate -2 - 5 - -1 - (154 - 149).
-11
What is 12 + 27 + -48 - (1 - 9) - 3?
-4
What is the value of (32 + -16 - (29 - 2)) + 46?
35
Evaluate 0 + -3 - (-1 + 3) - (14 + -24).
5
(4 - -7) + -28 + 23 + 10
16
Calculate (12 - 5) + 2 + (33 - 19).
23
What is the value of 2 + 9 - (-8 - -19)?
0
Calculate 17 + (30 - 89) + 29.
-13
What is -6 + 6 + (8 - 0) + 4?
12
Calculate 7 + -2 + -1 - 5 - (-8 - -19).
-12
-9 - ((69 - 66) + -19 + 0)
7
Evaluate 4 + (-11 - -8) + -14.
-13
What is the value of -35 + (-15 - (-11 + -15))?
-24
What is the value of (18 - 6) + -3 + (5 - 7)?
7
Evaluate (0 - 9) + -2 + (6 - (-16 + 9)).
2
What is the value of 8 + (5 + -7 - -9) + -3?
12
What is the value of -7 + -9 - (-1 - (10 + 1))?
-4
Evaluate 12 + -34 + 22 - (-1 + -1 + -18).
20
(349 - 362) + 13 + -1 - (1 + 1)
-3
0 - (-15 - ((-2 - 6) + 0))
7
10 - ((12 - -2 - -8) + 11)
-23
What is 19 + 1 + -15 + 3?
8
Calculate (5 - (2 - -10)) + 3 + -7.
-11
What is 1 + -17 + 10 + 18 + -33?
-21
Calculate (17 + -18 - -5) + (14 - 2) + 0.
16
What is the value of 44 + (-18 - (-14 + 3 + 4 - 3))?
36
What is the value of 6 + 0 + (-45 - -6 - -27)?
-6
Evaluate 3 + 5 + -24 + 8.
-8
What is 4 - 1 - (-3 - (-3 + 8 + -4))?
7
Calculate 2 - (-28 - -13 - -22).
-5
What is the value of 0 - (12 - (7 - 0) - (2 + 4))?
1
Calculate 15 + -10 - ((-2 - (5 + -3)) + 0).
9
Calculate (3 - (9 + -17)) + 17 + -8.
20
What is the value of -1 + 4 + (2 - 15)?
-10
-8 + (-5 + 12 - (-1 + -2))
2
What is the value of 1 - 0 - (-3 - -6) - (-4 + -9)?
11
What is the value of (-13 - -1) + 45 - 17 - 41?
-25
What is the value of -14 + (-15 - -3 - -41)?
15
What is the value of 19 - (14 + 13 + -28 + 13)?
7
What is the value of 35 + 21 + 8 + -56?
8
What is the value of -389 + 390 + (-3 - (3 + -2 - -19))?
-22
Calculate 3 - (4 - 4) - (29 + -8 - 5).
-13
-21 + 0 - (-1243 + 1255)
-33
Evaluate 32 + (0 - 39 - -13).
6
What is the value of -3 - (-11 + -2) - -17?
27
Calculate -4 + (3 - (4 + -1)) - 3.
-7
What is the value of -1 + (11 + -5 - 1 - 6)?
-2
Evaluate 3 + (-18 - (-11 - -4 - -3)).
-11
-2 - (-5 - (-21 + 0))
-18
25 - (6 - 16 - (-24 - -16 - 6))
21
Evaluate -14 - -37 - (0 - -1).
22
What is the value of 3 + 1 + 6 - (25 + -3)?
-12
Calculate 15 - (-18 - (-43 + 17)).
7
Calculate 4 + -7 + 10 + -6 - -8.
9
What is (-21 - -14) + (3 + -7 - -6)?
-5
(-8 - 36 - -13) + 9
-22
Calculate 33 - (-39 + 19 - -69).
-16
What is the value of (-31 + 34 - 10) + 11?
4
Evaluate (2 - -1) + 17 - (-1 - -5).
16
What is the value of (-4 - -12) + -6 + 0 - 4?
-2
What is 17 + 0 - (-1 - -7 - 5 - 7)?
23
What is the value of (28 + -63 - -44) + -43?
-34
Calculate -8 - (-14 - 9 - -14).
1
Calculate (-694 - -682) + (-1 - -21).
8
What is 12 + (4 - 12 - -1)?
5
Calculate 15 + (-13 - 2) - 2.
-2
Evaluate (0 - -6) + 7 + (-14 - -2) + 4.
5
Evaluate (-1 - -13) + 13 - 23.
2
What is the value of 4 - (0 - -8) - ((-9 - -3) + 2)?
0
What is -93 - -83 - (5 + -27)?
12
Evaluate (8 - ((9 - (9 + -6)) + 3)) + 1.
0
What is -3 + 16 + -7 - (-2 - (4 + -1))?
11
Calculate 19 - 5 - (26 + -16).
4
Evaluate 7 + -15 + -9 + 31.
14
Calculate -1 + 12 + (-67 - -50).
-6
What is (8 - 14 - -7) + -1 + 11 + -20?
-9
(2 - 46) + -490 + 515
-19
Calculate -6 - 1 - (-976 - -966).
3
What is the value of -37 + 49 + (-1 - 11 - -4)?
4
What is 8 + -29 + 2 - -28?
9
Calculate -4 - ((-12 - -7) + 0).
1
Calculate 1 + 1 + (1 - -2) + (-12 - -10).
3
Calculate (-5 - -2) + 20 + -15.
2
Evaluate -5 - (-4 - 11 - (-5 + 10 + -6)).
9
Calculate 8 + 0 + 1 + (-1 - (-12 - -6)).
14
What is the value of -2 + 0 + (42 - 42) - -3?
1
22 + -20 + (2 + 0 - 10)
-6
What is the value of 19 + -27 + -2 + (-17 - -4 - -4)?
-19
What is 36 - (-30 + 88 + -4)?
-18
Evaluate 19 + -17 + 3 + -5 + (-5 - -7).
2
What is the value of (-4 - -2) + 2 - (13 + 6)?
-19
What is -24 + 5 + 19 + -24 + 2?
-22
What is (-14 - -20 - 2) + 8?
12
What is the value of 17 + (-8 - (-3 - -4))?
8
What is 12 - ((10 + -16 - -1) + -1)?
18
What is the value of 24 - (5 - (-1 - (3 + -8 - -5)))?
18
4 + (-23 - -33 - 33)
-19
What is the value of 7 + 18 + 66 + -95?
-4
What is the value of -11 - (-88 - -94 - (-2 + 2 + 6))?
-11
Calculate (-4 - (16 - 5 - -10)) + 1.
-24
What is the value of 0 + (13 - -3) + -12 + 8?
12
Evaluate 0 + -7 + -6 + (4 - -27).
18
What is the value of -12 + (15 - 6) - 11?
-14
Calculate (9 - (-28 - -22)) + -9.
6
Evaluate -7 + 2 + -2 + (38 - 16).
15
Calculate (1 - 0 - -1) + (243 - 233).
12
(-34 - -22) + (-4 - -10)
-6
0 + 19 - (-34 - -50) - (1 + -9)
11
Calculate -15 + 7 + 5 - (3 + -3 + 0).
-3
What is the value of 0 - 3 - ((-33 - -19) + 16) - 2?
-7
(-41 + 32 - (-1 + 4)) + -3
-15
19 - (-6 - 7 - -3) - 9
20
What is 16 + -14 + -9 + 3 + 1 + 5?
2
Calculate -4 + -1 + (32 - (-1 + 23)).
5
What is -29 + 1 + -5 + 15 + (18 - 23)?
-23
Evaluate (-7 + 10 - 5) + -6.
-8
21 - (14 + (-11 - -13))
5
What is the value of (-2 + 7 - 11) + (0 - -3) - 1?
-4
What is 13 + -28 + 2 + 10?
-3
Evaluate -26 + -2 - -44 - 9.
7
Evaluate (11 - 4) + 13 + -15.
5
-2 + 8 - (10 + -13 - -7)
2
Evaluate 4 + 8 - 9 - (1 - 2).
4
Calculate (-12 - (1 - 14)) + 7 - 5.
3
Calculate (-3 - 1) + (-10 - (8 + (-10 - 1))).
-11
What is 1 + 1 + 17 + (8 - 29)?
-2
Evaluate -5 - (-14 + 1 + (6 - 6)).
8
What is 2 - (19 + -2 + 15)?
-30
What is 2 + -10 + (-22 - (1 - 9) - -10)?
-12
Evaluate 11 + -12 + 21 - ((-6 - -1) + 9).
16
(0 - (-7 + -1) - 7) + 16
17
Evaluate 0 - (30 + (-6 - -13) + -17).
-20
What is 6 + -4 - (41 - 35)?
-4
What is 4 + 1 + (-17 - (-15 - -5)) - -16?
14
Calculate 6 - ((17 - 11) + -5 + 4 - -17).
-16
What is the value of -15 + 57 + -55 + (-2 - 0) + 5?
-10
30 + 7 + (1 - 8) + (-26 - -26)
30
Evaluate 20 - 19 - (4 - 1).
-2
What is the value of 6 + -1 + (-13 - (3 + 13))?
-24
(4 - (1 + -4 - -2)) + 34 + -48
-9
Evaluate -1 + (0 - (-12 + -5)) - (5 - -1).
10
-20 - ((18 - 16) + -3)
-19
Calculate (47 - -2) + -52 - (5 - 1).
-7
Evaluate -1958 + 1946 + (1 - 23 - -2).
-32
Calculate 11 + -1 + 226 + -238.
-2
What is the value of (-5 - 1) + (19 - 6) - (-32 - -30)?
9
Calculate -3 - ((28 - (23 - 5)) + -4 + 2).
-11
Calculate 53 - 53 - (5 - 2 - 0) - 0.
-3
8 - (2 + (6 - -8) + -8 + 19)
-19
31 + (18 - -6) - 16
39
Calculate -20 - (-12 + 4 - 5).
-7
What is 6 - (-31 - -10 - -21)?
6
What is 11 - ((-3 - -26) + 7) - (-1 - -2)?
-20
Calculate (99 - 101) + (0 - -4) + -3.
-1
Evaluate -18 + 5 + -5 + 9.
-9
-190 - -197 - (0 - 5)
12
(-2 - -4) + -2 + (-4 - (-29 + 8))
17
Evaluate -164 + 124 + 3 + 24.
-13
Evaluate -5 - -2 - (-33 - (30 + -38)).
22
Calculate 5 - (10 + (-28 - (-5 + 2))) - 3.
17
What is the value of -7 + -1 - (234 + -242)?
0
What is the value of (-9 - -30) + -12 - (0 + 11)?
-2
What is -98 + 108 + (-3 - 1)?
6
What is (-51 - -64) + (-14 - -10)?
9
Evaluate (-7 - 0) + (20 + 1 - (463 - 429)).
-20
9 + -19 + 28 + -9
9
What is -13 - (-58 + 33 + -1 + 13)?
0
Evaluate (-3 - 5) + -6 + 9.
-5
What is the value of 9 + (8 - 7) + -19 - 5?
-14
Calculate -97 + 65 - (0 - 35).
3
Evaluate 2 + 1 + -14 + 3.
-8
0 + 4 - (1 + 11 + (-82 - -84))
-10
What is the value of 11 + (-18 + 9 - -16)?
18
What is 11 + (-8 - -2) - (13 + -9)?
1
Calculate -9 - 5 - -3 - (0 - 4 - 12).
5
What is the value of -12 - (-21 + -24) - 8?
25
Evaluate -8 + (-12 - 5) + 14.
-11
Calculate (79 - 87) + -4 + 0 + 3.
-9
Evaluate 11 + (-25 - -9) - ((0 - -1) + -13).
7
Calculate (11 - 2) + (2 - 18 - -16).
9
Calculate (251 - 247) + -15 + 2 - -11.
2
Calculate -47 - -23 - -46 - -13.
35
What is -238 + 245 + (1 - 12)?
-4
What is the value of 10 + 0 - (12 - (14 - 7))?
5
Evaluate -5 + -6 + 6 + (17 - (5 - 12)).
19
2 - (-11 - (-15 + 23 + -12))
9
What is 532 - 558 - (-1 + -8)?
-17
What is the value of -11 - 14 - (-7 - -7 - 3)?
-22
What is the value of -3 + -6 + 10 + -4 - -1?
-2
Evaluate -33 - (-98 + 38 + 2).
25
What is -19 + 5 + (6 - 1) + -11?
-20
What is the value of 1 - ((-3 - -2) + 21 + -5 + 2)?
-16
What is the value of 2 + -3 + -3 + (-14 + 6 - -5)?
-7
What is -34 + 40 - (1 - -1) - (-5 - -17)?
-8
-4 + -2 + 3 - (24 + -25)
-2
What is -19 + 29 - 9 - (-4 - 0 - 0)?
5
What is 3 - ((0 - (2 - -3 - 1)) + 5)?
2
What is (17 + -1 - (3 + -3)) + (-4 - 0)?
12
24 - (-26 + 20 + 15) - 11
4
11 - (10 - (7 - 9))
-1
Evaluate 8 - (0 + 7 + (-42 - -18)).
25
What is -2 + (-3 - -11) + -8 + -4 + 24?
18
-2 + -10 + (-19 - -32)
1
-3 + (-1 - 12) + 6 + 8
